1. Let h be o(-6). Suppose -20*j - 5562 = -h*j. What are the prime factors of j?
2, 3, 103
What are the prime factors of (946080/18)/(-24 + 25)?
2, 3, 5, 73
Let v(k) be the first derivative of -22*k - 49/2*k**2 - 1. What are the prime factors of v(-3)?
5
Let v be (-178920)/(-441) + 2/7. Let u = 979 - v. List the prime factors of u.
3, 191
Suppose 9*k = 554 + 544. Suppose -11*z = -417 - k. What are the prime factors of z?
7
Suppose 2005 = g + 2*j - 161, -2*j + 10 = 0. List the prime factors of g.
2, 7, 11
Suppose 106*s - 129*s = -70242. List the prime factors of s.
2, 3, 509
Suppose 9*d = 8*d + 2317. Suppose 0 = 10*t - 443 - d. What are the prime factors of t?
2, 3, 23
Suppose 5*c - 4*c - 2*g - 643 = 0, 5*c - 3243 = 3*g. Suppose 3*m - c = -4*m. What are the prime factors of m?
3, 31
Suppose -14202 = -13*q - 942. Let n = q - 620. What are the prime factors of n?
2, 5
Let a(q) = -q**3 - q**2 + 422. Let w be a(0). Let n = w + -234. Suppose -3*u + n = 2*r, 0*r + 3*r - 4*u = 265. What are the prime factors of r?
7, 13
Suppose 3*f - 40823 = -3*i - 5645, -i = -f - 11744. List the prime factors of i.
5, 2347
Suppose 0 = -5*v - 7*v - 228. Let o(u) = u**2 + 2*u - 66. List the prime factors of o(v).
257
Let r(u) = 2*u - 13. Let a be r(-6). Let v be (10/a)/((-1)/(-5)*-1). What are the prime factors of v/(-8) + (-11)/(-44) - -110?
2, 5, 11
Suppose b - 12 = -5*i + 5, i + 5 = 4*b. List the prime factors of 32/(-18) + b - (-38748)/108.
359
Let i be 66162/21 + 20/(-35). List the prime factors of -3 + 1 - i/(-7).
2, 7
Let f be 8/(-28) - (-148)/(-28)*-1. Let z(a) = 164*a - 52. What are the prime factors of z(f)?
2, 3
Let m = 108 + -112. What are the prime factors of ((-3411)/(-4) - -5) + m/(-16)?
2, 3, 11, 13
Suppose -11676 = 13*s + 4951. Let x = s - -2522. What are the prime factors of x?
11, 113
Suppose 0 = 4*j + h - 4, 4*j - 2*h = -0*h - 8. Suppose -4130 = -j*s - 7*s. Suppose -s = -n - 4*n. List the prime factors of n.
2, 59
Suppose -2*p + 0*t = -t - 2, 2*t + 2 = 3*p. Let a be ((-1)/(-2))/(1/2). Suppose -p*m + m = a, 5*m + 853 = 4*h. List the prime factors of h.
2, 53
Let k(a) = 6*a**2 - 10*a + 42. Let l(v) = v**2 - 10*v - 19. Let q be l(12). What are the prime factors of k(q)?
2, 71
Suppose 11*s = -31 - 13. What are the prime factors of 216 - 10*s/(-10)?
2, 53
Let z(b) = 505*b**3 - b**2 + 2*b - 1. Let s be (-2 - -1)*-3*(-2)/(-6). What are the prime factors of z(s)?
5, 101
Let i(l) = 90*l**2 + 644*l - 10. What are the prime factors of i(18)?
2, 13, 1567
Suppose -14745*y + 3201 = -14744*y. List the prime factors of y.
3, 11, 97
Suppose v - 3*v + 36 = 3*z, -5 = z - 5*v. Let y be ((-12)/15)/((-4)/z). List the prime factors of 164/y + -1 + -1.
2, 5
Let n(v) = 2*v + 30. Let y be n(-10). Suppose -y + 2 = -4*o. Suppose o*b - 4 - 38 = 0. What are the prime factors of b?
3, 7
Let c be 54 + (-4 - -7) + -5. Let s = c - 249. Let u = 351 + s. What are the prime factors of u?
2, 7, 11
Let g(z) = -18 - 3*z + 37*z**2 - 4*z + 24*z**2 - 5*z. What are the prime factors of g(-5)?
1567
Let q(m) = 2*m + 97. Let o = 70 + -70. List the prime factors of q(o).
97
Suppose 38*j - 23*j + 46*j = 532225. List the prime factors of j.
5, 349
Suppose 26*q + 151158 = 31*q + d, 4*q + 11*d = 120855. List the prime factors of q.
7, 617
Let i(t) = -8*t + 30. Let w be i(4). Suppose 5*l + 0 + 30 = 0. What are the prime factors of -5*(41/w + 3/l)?
3, 5, 7
Let n(r) = 17*r + 14. Let l(b) = -84*b - 70. Let a(c) = 2*l(c) + 11*n(c). Let f be a(7). Let j = -86 + f. List the prime factors of j.
61
What are the prime factors of 235/705*(-2)/((-2)/106851)?
35617
Suppose j = -7*n + 5*n - 17, -5*j + 3*n - 111 = 0. List the prime factors of 6/(-8)*5404/j.
193
Let x(d) = -34*d - 162. Let r be x(-5). Let u(n) = 6*n**2 + 19*n - 6. List the prime factors of u(r).
2, 5, 53
Let t(l) = -15*l - 12. Let s be t(-10). Let u = -135 + s. Suppose 2*p - 2*j - 332 = -u*j, p + j - 165 = 0. List the prime factors of p.
167
Let t(f) = 2*f**3 - 19*f**2 + 10*f + 4. Let m be t(9). Let c = m - -176. What are the prime factors of c?
3, 7
Suppose 46*g - 4*g = -52*g + 1555418. What are the prime factors of g?
16547
Suppose 0 = -4020*t + 3887*t + 4252010. What are the prime factors of t?
2, 5, 23, 139
Suppose 0 = -2*t - 11 + 1. Let r(v) = -v**3 - 8*v**2 - 3*v. Let y be r(t). Let b = y - -151. List the prime factors of b.
7, 13
Let l(r) = 37*r**2 + 282*r + 215. What are the prime factors of l(-46)?
3, 5, 17, 257
Let j = -768 + 768. Suppose j = 38*w - 63*w + 40200. What are the prime factors of w?
2, 3, 67
Let c = -819 - -868. Suppose -c = -5*n - o + 1156, 247 = n - o. What are the prime factors of n?
2, 11
Suppose -p = -2*x + 14, 9*p = 4*p + x - 34. Let i be (-92)/p - (-6)/9. Suppose -i = -a + 5*o, o = 5*a - 124 + 20. List the prime factors of a.
3, 7
Let w(y) = 66 + 56*y - y**2 + 0*y**2 + 52 - 110. What are the prime factors of w(16)?
2, 3
Suppose 68156*y - 68139*y = 49130. What are the prime factors of y?
2, 5, 17
Suppose 22*d = 2*u + 25*d - 92310, 0 = 3*d - 6. What are the prime factors of u?
2, 3, 641
Let p = 2500 - 2129. What are the prime factors of p?
7, 53
Let g = -108 - -26. Let i = 75 + g. Let u(a) = -13*a + 8. What are the prime factors of u(i)?
3, 11
Let c = 50 - 46. Suppose -c*z - 350 = -d, -4 + 0 = 2*z. What are the prime factors of d?
2, 3, 19
Let o(r) = -13*r - 6. Let i be o(-7). Suppose a = -i + 144. What are the prime factors of a?
59
Let a = -241 + 246. Suppose -a*c = -0*c - z - 3030, -5*z = 0. List the prime factors of c.
2, 3, 101
Let s(b) = 457*b**2 - 31*b - 146. What are the prime factors of s(-5)?
2, 5717
Suppose -4*c - 4*z = -9*c + 342244, -c + 4*z + 68420 = 0. List the prime factors of c.
2, 43, 199
Let m(p) be the second derivative of 5*p**4/6 - 2*p**3 - 5*p**2/2 + 29*p. What are the prime factors of m(7)?
401
Let l(k) = -3254*k + 6093. What are the prime factors of l(-21)?
3, 24809
What are the prime factors of (-18 - -7 - -2) + (4 - -7958)?
3, 11, 241
Let q(r) = -2387*r - 2087. What are the prime factors of q(-10)?
3, 53, 137
Let b(o) = o**2 - 3*o - 15. Let n be b(6). Let s(u) = -35*u + 8. Let a(k) = k. Let i(f) = -2*a(f) - s(f). What are the prime factors of i(n)?
7, 13
Suppose 8*m + 3*m = 0. Suppose m = 4*f + 2*j - 10, 0 = 3*f - f - 5*j + 25. Suppose f = -17*c + 2 + 83. List the prime factors of c.
5
Suppose -58*q + 61*q + c = 13109, -17467 = -4*q + c. List the prime factors of q.
2, 3, 7, 13
Let b = -19436 + 43058. List the prime factors of b.
2, 3, 31, 127
Suppose -473*n + 478*n - 3*c = 256166, -256180 = -5*n + 5*c. What are the prime factors of n?
51229
Suppose 3*t - 19399 - 1607 = 0. List the prime factors of t.
2, 3, 389
Let m(h) = -4648*h - 402. List the prime factors of m(-6).
2, 3, 509
Suppose 18*p - 14200 = 84710. What are the prime factors of p?
5, 7, 157
Let o(m) = 2*m + 2. Let v be o(3). Suppose v*j - 6*j = 760. Suppose -85*x + 81*x = -j. What are the prime factors of x?
5, 19
Let b = -6603 - -36926. What are the prime factors of b?
30323
Suppose -3*r - 2*h + 66 = -r, 3*r = -4*h + 97. Let z = r + -67. Let q = z + 36. What are the prime factors of q?
2
Suppose -s = 3*s - 3160. Let b = 2250 + -2241. Suppose -b*j = j - s. What are the prime factors of j?
79
Suppose 7*b + 7*b = 42. Suppose 0 = 5*l + 3*q - 1814, -5*l = -3*l + b*q - 722. List the prime factors of l.
2, 7, 13
Suppose 9*r - 624 = r. Let d = -74 + r. Suppose -5*o + 3*m + 543 + 510 = 0, o - 214 = d*m. What are the prime factors of o?
2, 3, 5, 7
Let l(t) = -2*t**2 - 17*t + 2. Let z be l(-6). Suppose 0 = -12*j + z*j - 360. What are the prime factors of j?
2, 3
Let r(k) = -k**3 - 8*k**2 - 9*k - 10. Let w be r(-7). Suppose -9*l = -w*l - 25. Suppose -905 = -l*u + s, 176 - 11 = u + 3*s. What are the prime factors of u?
2, 3, 5
Let w(t) = -75*t + 16. Let p = 180 - 183. List the prime factors of w(p).
241
Let h = -1030 - -345. What are the prime factors of 12/15*5 + -7 - h?
2, 11, 31
Let f(t) = 33*t**3 - 7*t + 4. Let v(q) = -16*q**3 + 3*q - 2. Let h(l) = 3*f(l) + 7*v(l). Let p = -3943 - -3941. What are the prime factors of h(p)?
2, 3, 17
Suppose -60*z + 68*z = 13952. Suppose 3*r = -r - 3*q + 3498, 2*r - q - z = 0. List the prime factors of r.
3, 97
What are the prime factors of 6 - -32692 - (-1 - -11)?
2, 3, 227
Suppose 5*o - 64256 = 4*d, 0*d -